 23*j - 14. Let x be d(12). Let f = x + 1206. What is the units digit of f?
4
Let u(n) = -5*n + 3 + 5 + 5*n**2 + 20*n - 9*n + n**3. Let l be u(-5). Let h = 18 - l. What is the tens digit of h?
4
Let h = -11791 + 23846. What is the ten thousands digit of h?
1
Suppose 2*s + 0*y = 2*y + 20, 0 = -2*s - 4*y + 32. Let o(b) = b + 3. Let v(d) = -d + 1. Let h(k) = -o(k) - 2*v(k). What is the units digit of h(s)?
7
Let n(y) = 1127*y + 20668. What is the units digit of n(0)?
8
Let l(a) = -28*a + 46. Let u be l(2). Let b(i) = i**2 - 2*i + 23. What is the tens digit of b(u)?
4
Let q be -4 + ((-20)/15)/(6/(-27)). Suppose -q*o + 696 = 4*x, 3*x = 4*o + 8*x - 1380. What is the units digit of o?
0
Suppose 3*v - 350 - 16599 = 2*m, -4*v = -4*m - 22592. What is the thousands digit of v?
5
Suppose -5*f = -15, q + 5*f + 467 = -376. Let r = 1384 + q. What is the hundreds digit of r?
5
Let o be ((-360)/(-84))/((-6)/(-56)). Let a be 7*o - 0/13. Let b = 483 - a. What is the units digit of b?
3
Let y = 3794 + 1774. What is the hundreds digit of y?
5
Let q be (-6)/(-4) + 63/18. Suppose -1236 = -q*j + 2*j. Let u = -285 + j. What is the tens digit of u?
2
Suppose 5*a = 4*o - 170 + 30, 4*o + 148 = -4*a. Let f = 10 + a. Let g = 27 + f. What is the units digit of g?
5
Let i(p) = -11*p**2 - 23*p - 43. Let c(m) = -21*m**2 - 44*m - 87. Let d(q) = -6*c(q) + 11*i(q). What is the tens digit of d(-7)?
1
Let f(d) = -d**2 + 2. Let r be f(1). Suppose -2*x + 25 = -r. Suppose n = x*n - 1128. What is the tens digit of n?
9
What is the units digit of 3/((-1)/1262*(-3)/(-60)*-4)?
0
Let f = -70 + 65. Let u = 9 + -14. What is the units digit of 60 + 2*f/u?
2
Let f(n) = 119*n**2 - 74*n - 466. What is the thousands digit of f(-7)?
5
Suppose -8*f - 9 + 1 = 0. Let b(g) = g**2 + 1. Let q(y) = y**3 + 12*y**2 + 8*y + 7. Let r(o) = f*q(o) + b(o). What is the tens digit of r(-11)?
8
Suppose -7*r - 30 = -79. Let z(o) = 14*o - 11. Let j be z(r). Suppose x - 2*u - j = 0, 0 = -2*x - x + 3*u + 270. What is the units digit of x?
3
Let q(j) = -16*j. Let r be q(5). What is the units digit of (-2)/(-16)*1 + (-11910)/r?
9
Let u(g) = -1018*g - 258. Let y be u(-5). Suppose -4*p + 8*p = y. What is the thousands digit of p?
1
What is the units digit of ((-932906)/(-39) - 22) + 3/18*2?
9
Suppose 0*x = -5*x + 25. Suppose x*w - 15 = 95. Let q = w + 11. What is the units digit of q?
3
Let p be (-31 + 38)/(2/14). Suppose -14588 = -77*i + p*i. What is the hundreds digit of i?
5
Let h be 4/6*-6 - 40/(-2). Let z = h + -14. Suppose 3*v + 868 = 7*v - 5*r, 0 = z*v + 5*r - 464. What is the tens digit of v?
2
Suppose g = -3*n + 20456, 0 = 12*n - 17*n - g + 34094. What is the thousands digit of n?
6
Let k(l) = -3*l**2 + 9*l + 19. Let t(c) = -2*c**2 + 10*c + 20. Let h(d) = -3*k(d) + 2*t(d). What is the tens digit of h(-7)?
7
Suppose 6*f + f - 3857 = 0. Suppose -8*x = -1121 - f. Let h = x - 116. What is the units digit of h?
3
Let g = 10443 + -2597. What is the thousands digit of g?
7
Let u be (-5)/4 - (-145)/20. Suppose 5*b - 2407 = -3*x, -3*x + u*x + 3*b - 2403 = 0. What is the hundreds digit of x?
7
Suppose 2*o + 3751 - 851 = 2*d, 5*d + o - 7286 = 0. What is the units digit of d?
6
Let x = 6 - -22. Suppose -3*r = -5*r - 6*r + 32. Suppose x + 864 = r*k. What is the units digit of k?
3
Let x = 259 - 246. Let f = 2 + 0. Suppose f*j - 113 = -x. What is the units digit of j?
0
Let q = 9 + -8. Suppose -3*h + 4*v - 6 = -1, 0 = -h + v - q. What is the tens digit of h - (-11 + (2 - 2))?
1
Suppose -15 = -3*f, -4*f + 290 = 5*c - 6*f. Suppose -5*t = -4*z - 57, 2*z = -4*t - 2*z + c. What is the tens digit of t?
1
Let s be 3*(-34)/6 - 0. Let y(o) = -o**3 - 16*o**2 - 25*o - 24. What is the hundreds digit of y(s)?
6
Let f be 10/14 - (3 - (-115)/(-35)). Let n(k) = 203*k**3 + k**2 - k - 1. Let c be n(f). What is the hundreds digit of c/(3 - (2 - 1))?
1
Let o(j) = 5*j**2 - 118*j - 55. Let f be o(24). Let m(c) = c**3 + 21*c**2 - 13*c - 7. What is the hundreds digit of m(f)?
7
Let g = 2026 - 1176. Let a be ((2 - 3) + (-9)/(-5))*g. Suppose -19*b + 14*b = -a. What is the tens digit of b?
3
Let l = -702 - -14856. What is the tens digit of l?
5
Suppose 2*i + 2944 = 17*v - 11*v, v - 482 = -4*i. What is the units digit of v?
0
What is the ten thousands digit of (11 - (7 + -5))*(-4)/6 - -20929?
2
Let k(t) be the second derivative of 0 + 3/4*t**4 - 10*t + 0*t**3 + 2*t**2. What is the units digit of k(3)?
5
Suppose -20 = -5*z, -3*o - 24 = o - 2*z. What is the units digit of (o - (-15)/5)*-2?
2
Let q(u) be the second derivative of u**4/12 - u**3/6 - 9*u**2/2 - 2*u + 27. What is the units digit of q(-5)?
1
Suppose 3*h = -3*i + i - 143, i + 91 = 5*h. Let y = -71 - i. Suppose -d + j + 182 = 0, -y*d + j = 5*j - 955. What is the units digit of d?
7
Suppose 0 = 2*q + 4*s - 88, -3*s - 102 = -4*q + 2*q. Suppose -2038 = -3*i - 2*n, q*i + 684 = 49*i - 4*n. What is the hundreds digit of i?
6
Suppose 227*y = 223*y + 2*d + 243452, -2*y + 121696 = 4*d. What is the thousands digit of y?
0
Let s(m) = 15*m**2 + 15*m + 23*m**2 + 14 - 39*m**2. Suppose 2*v = 7*v - 5*t - 55, 2*v - 3*t - 25 = 0. What is the tens digit of s(v)?
7
Let w(b) = 11*b. Let m be w(4). Suppose -2*c + 4*j + 81 = -j, 255 = 5*c + 5*j. Let x = c - m. What is the units digit of x?
4
Let d = -12358 + 17138. What is the hundreds digit of d?
7
Let y(p) = -94*p**3 + 4*p**2 + 5*p - 2. Let g(v) = -93*v**3 + 4*v**2 + 5*v - 2. Let a(m) = -5*g(m) + 6*y(m). What is the tens digit of a(-2)?
9
Let x(a) = -1170*a - 951. What is the tens digit of x(-3)?
5
Suppose -4*s - c = 22850 - 68642, 11455 = s + 2*c. What is the thousands digit of s?
1
Suppose 2*g = 5*a + 4, 9*a - 6*a = 6. What is the tens digit of (-868)/(-5) - (g/(-5) - -2)?
7
Let h = -161 - -171. Suppose h*p - 1099 = 281. What is the tens digit of p?
3
Let p(s) = -s**3 - 7*s**2 + 9*s + 33. Let u be p(-18). What is the hundreds digit of u/30 - 1/4*-2?
1
Let i(g) = 8*g**2 + 25*g + 96. Let n(l) = 5*l**2 + 17*l + 64. Let m(r) = 5*i(r) - 7*n(r). Let b be (-44)/12 - 2/6. What is the tens digit of m(b)?
8
Suppose 0 = 5*u - 8 - 107. Let p be 3/(-6)*(-13 - -7). Let m = u - p. What is the tens digit of m?
2
What is the thousands digit of 2388/18*(84 - 9)?
9
Let z(r) = -r**3 - 12*r**2 - 13*r - 15. Let a be z(-11). Suppose -3*k = 2*v - 10, -2*k + 19 - a = 4*v. Suppose 112 = v*d - 72. What is the units digit of d?
2
Let m = 651 + -295. What is the units digit of 89*(m/28 - 6/(-21))?
7
Let v = -22 + 25. Suppose -2*w - 6*a + 516 = -a, 0 = -3*w + v*a + 816. Let z = w + -163. What is the hundreds digit of z?
1
Let d(l) = l**3 + 9*l**2 + 20*l + 181. Let b be d(-7). Suppose u + 2*u + 5*z = -240, -331 = 4*u + 3*z. Let s = u + b. What is the tens digit of s?
5
Suppose w + 3 = 5*y, 12 = -w + 6*w + 2*y. What is the tens digit of 7/(7/2) - (w + -681)?
8
Let s be (3/9*9)/(-1). What is the tens digit of (s*636/(-9))/(4/18)?
5
Let p = -14928 + 55504. What is the hundreds digit of p?
5
Let x(t) = -t**3 + 6*t**2 - 290*t - 304. What is the hundreds digit of x(-25)?
3
Let p be (17 + -21)*(-5186)/8. Suppose -18*o = -3491 - p. What is the units digit of o?
8
Let n = 18 - -2. Let h = 234 + -232. Let q = n - h. What is the units digit of q?
8
Let f(d) = -d + 116. Let n = 59 + -59. What is the hundreds digit of f(n)?
1
Let c = -61228 + 94303. What is the tens digit of c?
7
Suppose -11*r = 2*i - 14*r - 5491, -4*i + 4*r + 10972 = 0. What is the units digit of i?
8
Let w = 42 - -42. Suppose -w = d - 3*d. Let q = 99 - d. What is the units digit of q?
7
Suppose -d + 31 = 4*i + 2, 2*d - 5*i = -7. Suppose -6 = -5*p + d. Suppose 4*h - 5*v - 103 = 0, p*h + 15 = -2*v + 121. What is the tens digit of h?
3
Let j = 224 - 143. Suppose 60 = -j*o + 84*o. What is the tens digit of o?
2
Let w(l) = -l**2 + l + 2. Let a be w(0). Let i(b) = 10*b**2 - 3*b + 2*b**a - 2*b**2. What is the units digit of i(2)?
4
Let u be (-80)/28 + 6/(-42) + -1891. Let v = -885 - u. What is the hundreds digit of v?
0
Let k = -43620 - -87364. What is the tens digit of k?
4
Let w(o) = o**3 + 11*o**2 + 11*o + 13. Let d be w(-10). Suppose -4*n + 186 = 5*q - 318, -305 = -d*q - 5*n. Suppose -h + q = 25. What is the units digit of h?
5
Suppose -18*u + 1038025 = 30*u - 1091303. What is the hundreds digit of u?
3
Suppose -3164 = 17*i - 14520. Let k